inder when 74 is divided by t(o).
17
Suppose -3*w = m - 629, -2*m - 40 = -5*w + 1023. Calculate the remainder when w is divided by 73.
65
Let j(w) = -9*w - 363. Calculate the remainder when 156 is divided by j(-44).
24
Suppose 70*t = 153*t - 72*t - 253. Let q(v) = -v**2 + v + 67. What is the remainder when q(0) is divided by t?
21
Let z(t) = 4 - 6 - 6 - t - 4. Let u be z(-10). What is the remainder when 38 is divided by (u - -3)*16 - 3?
12
Let n = 335 - 309. Calculate the remainder when 99 - (-3 + (-2 - -4)) is divided by n.
22
Let w(m) = m**3 + 2*m**2 - 7*m - 1. Suppose -977 - 148 = -5*k. Suppose 8*q = 3*q + k. What is the remainder when q is divided by w(3)?
22
Let v(w) = -w - 6. Let k be v(-6). Suppose k = -6*u + 117 + 111. Calculate the remainder when u is divided by 8.
6
Suppose 80 = 7*t - 2*t. Let g(w) = 2*w - 29. What is the remainder when 12 is divided by g(t)?
0
Let b = 1282 - 1120. Calculate the remainder when b is divided by 41.
39
Let k(w) = 52*w**3 - w**2 - 3*w + 3. Calculate the remainder when 352 is divided by k(1).
46
Suppose 4*n = -y - 29, -5*y = -4*y + 5*n + 31. Let d = 23 + y. Calculate the remainder when 4 is divided by d.
0
Let a(j) = 26*j**2 + 7*j - 8. Let n(i) = i**2 + 5*i - 3. Let t be n(-5). Calculate the remainder when a(1) is divided by -3 - t - (-9 + 0).
7
Let v be (-30)/(-4)*4/2. Suppose 3*t - v = -2*t. Suppose t*g - s = 4*s + 122, -4*g + s = -191. What is the remainder when g is divided by 10?
9
Suppose -7*n - 69 = -496. Calculate the remainder when n is divided by 52.
9
Let c be ((-8)/12)/(1/6). Let u = c + 7. What is the remainder when 53 is divided by (-1)/((-220)/72 + u)?
17
Let v = -61 + 78. Suppose -2*c + 4*c - 4*k = 52, 3*k = 0. Suppose 4*w = 3*t + v, -2*w + c = 4*t - 2*t. Calculate the remainder when w is divided by 4.
0
Suppose 0*c + 50 = -5*c. Let m = c - -25. Suppose 0 = 2*j + 2*l - 122 + 4, -5 = -5*l. Calculate the remainder when j is divided by m.
13
Let l be ((-18)/(-12))/(-2 - 81/(-42)). Let o = l - -29. Calculate the remainder when o is divided by 6.
2
Let j(x) be the third derivative of -1/6*x**4 + 11*x**2 + 0*x + 0 - 7/3*x**3. Calculate the remainder when j(-13) is divided by 8.
6
Suppose 9*k - 124 = 8*k. Suppose 2*j + 4*m - 56 = 0, -3*j + 4*m = m - 102. What is the remainder when k is divided by j?
28
What is the remainder when -3 + 6 + -12 + 43 is divided by 11?
1
Let d = 364 - 326. What is the remainder when 332 is divided by d?
28
Let h = 36 - 31. Suppose -h*z + 355 = 125. Calculate the remainder when z is divided by (-4)/18 - 227/(-9).
21
Calculate the remainder when (-765)/(-33) + 0 - 16/88 is divided by 8.
7
Let t(j) = 2*j**2 + 55*j + 147. What is the remainder when 103 is divided by t(-25)?
15
Suppose 70*z - 73*z - 4*i = -71, -4*i = -2*z + 74. Let b(k) = k**3 - 4*k**2 + 4*k - 6. What is the remainder when z is divided by b(4)?
9
Let g = 2233 + -1914. Calculate the remainder when g is divided by 46.
43
Suppose 2*d - 5*y = 27, -4*d - y + 3 = -18. Suppose w + 4*m + 6 = 0, 4*m + 3 = 2*w - 21. What is the remainder when d is divided by w?
0
Let h be 3*(-3 + 4) - (-444)/4. Suppose 4*b - 5*g - 28 = 96, -4*g = 5*b - h. What is the remainder when b is divided by 9?
8
Let p(y) = 1909*y**2 + 9*y + 1. Calculate the remainder when p(1) is divided by 30.
29
Let f(d) = -4*d**2 + d**3 - 2*d - 2*d**3 + 3*d - 2*d. Let w(o) = 2*o + 8. Let j be w(-6). Calculate the remainder when 6 is divided by f(j).
2
Suppose 0 = -s, 47*k + 6*s = 49*k - 10. Calculate the remainder when k is divided by 5.
0
Let r(a) be the second derivative of a**4/12 + 5*a**3/6 - 5*a**2 + a. Calculate the remainder when (2014/(-57))/(2/(-3)) is divided by r(-8).
11
Calculate the remainder when 95 is divided by 57 - 7 - (-1)/(-1).
46
Suppose 35*u + 462 = 42*u. Let m = -4 + 21. What is the remainder when u is divided by m?
15
What is the remainder when 573 is divided by (57/15 + -5)/(2/(-40))?
21
Suppose -27 = 3*p - 4*a - 12, a - 20 = 4*p. What is the remainder when 23 is divided by (p/(-2))/((-9)/(-18))?
3
Suppose 5*l - 2*l = 96. Suppose 0 = -6*h + 2*h + l. What is the remainder when ((-1)/3)/((-2)/78) is divided by h?
5
Let k(v) = -6*v + 12. Let g be k(-9). Calculate the remainder when 15 is divided by (g/(-12))/11*3*-6.
6
Let v be (-2 - -4) + 0 + 0. Let n(j) = 2 - 3 + v + 2*j - 4. Calculate the remainder when 13 is divided by n(4).
3
Suppose 73*w = 70*w - 24. What is the remainder when 56 + (w/(-4) - 1)*-1 is divided by 29?
26
Let f(n) = -4 - 6 + 4 + 4 + 2*n + 3*n**2. Let k be f(1). Calculate the remainder when 1 + (3/k - -3) is divided by 4.
1
Let l(n) = 0 - 2*n + 3*n - 3*n + 4. Let s be l(-7). Calculate the remainder when 14 is divided by (12/s)/(1/6).
2
Suppose 5*n - 40 = -5*b, -b + 7 + 11 = 3*n. What is the remainder when (4 + -1)/((-24)/(-56)) is divided by n?
2
Let m be -3*(-1)/(3/(-4)). What is the remainder when ((-6)/m)/((-3)/(-46)) is divided by 9?
5
Suppose 0 = 4*i + 2*p - 222, 3*i + 16*p - 170 = 11*p. Calculate the remainder when 273 is divided by i.
53
Suppose 3*a + 2 = -1. What is the remainder when 798/25 - (-24)/300 is divided by (-6)/(-3) - -8 - a?
10
Let j = 865 + -245. What is the remainder when j is divided by 39?
35
Suppose -4*g = -2*f - 5*g + 226, 3*f - g - 344 = 0. Calculate the remainder when f is divided by 43.
28
Let d = 625 - 609. Calculate the remainder when 894 is divided by d.
14
Let v(k) = 99*k - 101. What is the remainder when v(7) is divided by 22?
20
Let p(n) = -9880*n + 455. Let d(x) = -65*x + 3. Let g(o) = -455*d(o) + 3*p(o). Let w = 51 + -34. What is the remainder when g(-1) is divided by w?
14
Suppose -4*z + 2*o = -2, 0*z - 3*o + 11 = z. Suppose 5*r - a = 220, -5*r + 5*a = -z*r - 132. What is the remainder when 86 is divided by r?
42
What is the remainder when ((-139)/4)/((-26)/8 + 3) is divided by 18?
13
Suppose 2*v - 8 = -2*n + 2, 5 = n - 4*v. Suppose -n*s = -t + 2*t - 12, 2*s + 2 = 0. Suppose 15*r = 906 - 186. Calculate the remainder when r is divided by t.
14
Let l = -97 + 128. Suppose q + 2 = f + 13, 4*f = -q + l. What is the remainder when q is divided by 3?
0
Suppose 28*y - 29*y = -4*z - 15, 0 = -3*y + 5*z + 80. What is the remainder when y is divided by 5?
0
Let x = -18 + 15. What is the remainder when ((-59)/(-1) - -2) + x is divided by 21?
16
Let q(w) = -w**2 + 27. Let l(i) = 2*i**2 + 5*i - 4. Let d be l(-4). Let h = -8 + d. Calculate the remainder when 53 is divided by q(h).
26
Let r be 18 + -106 + 2 + -1. Let w = -33 - r. Suppose -2*u - 34 = -2*d, -w = -d - 4*u - 22. What is the remainder when 78 is divided by d?
18
Suppose 0 = 4*h - 12, -h + 98 = w - 0*h. Calculate the remainder when w is divided by 32.
31
Suppose -4*k - 30 = -7*k. Let x(d) = -d**3 + 12*d**2 - 10*d + 8. What is the remainder when x(11) is divided by k?
9
Suppose 2*p + v = -0*v - 3, 0 = 2*p + 2*v. Suppose 0 = 15*c - 15 - 0. Calculate the remainder when p*c/6*-30 is divided by 8.
7
Let o(p) = -p**3 - 4*p - 6. What is the remainder when o(-4) is divided by (8/4)/((-4)/(-30))?
14
Let h = -113 - -55. Let z = h - -97. Let a = -12 + 26. What is the remainder when z is divided by a?
11
Suppose -3*n + 148 = -3*a - 125, -4*a - 361 = -3*n. Let i = 125 + a. Calculate the remainder when i is divided by 13.
11
Let p(m) = -m**2 + 9*m + 19. Let z be p(11). Let h(c) = -6*c + 6. What is the remainder when h(z) is divided by 5 - (1 + 0 + -1)?
4
Let s = 49 + -28. Let r = s + -15. Suppose -r + 21 = 3*b. Calculate the remainder when 14 is divided by b.
4
Suppose -5*x - 5*a = -7*x + 53, -4*a + 12 = 0. Suppose 3*i - 8*i + 2*p + x = 0, p - 22 = -4*i. Calculate the remainder when i is divided by 4 - (-1 - (0 + -1)).
2
Let u = -2 + 6. Calculate the remainder when 125/45 + -3 + (-747)/(-81) is divided by u.
1
Let d = -25 - -279. Calculate the remainder when d is divided by 92.
70
Let d(l) = 7*l + 4. Let j be d(-4). What is the remainder when 37 is divided by j/(-3*(-3)/(-6)) + 3?
18
Suppose -86*o + 70 + 3800 = 0. What is the remainder when 89 is divided by o?
44
Suppose 2*g = -2*g + 112. Let q be 1644/21 - (-4)/(-14). Suppose -192 = -5*o + q. What is the remainder when o is divided by g?
26
Let r(k) = k**2 + 4*k - 10. Let x be r(-5). Let s(w) = -w + 2. Calculate the remainder when s(x) is divided by 2.
1
Let j(s) = 3*s**2 - 39*s + 3. What is th